 the highest common divisor of 16 and 6080?
16
What is the highest common factor of 129 and 9159?
129
What is the highest common factor of 18 and 162?
18
Calculate the greatest common factor of 98 and 8.
2
Calculate the highest common factor of 19602 and 243.
81
What is the highest common divisor of 5970 and 30?
30
What is the highest common divisor of 11 and 275?
11
Calculate the greatest common divisor of 31 and 31.
31
Calculate the highest common factor of 32 and 144.
16
Calculate the greatest common divisor of 5371 and 164.
41
What is the greatest common divisor of 486 and 18?
18
Calculate the greatest common divisor of 783 and 696.
87
What is the greatest common divisor of 40 and 200?
40
Calculate the greatest common factor of 15 and 65.
5
What is the highest common factor of 22 and 32?
2
Calculate the highest common factor of 2775 and 375.
75
Calculate the greatest common divisor of 16 and 792.
8
What is the highest common divisor of 8428 and 172?
172
What is the greatest common divisor of 9 and 18477?
9
What is the greatest common divisor of 513 and 76?
19
Calculate the greatest common divisor of 2452 and 2.
2
What is the greatest common divisor of 98 and 5502?
14
What is the highest common factor of 114 and 38247?
57
What is the highest common factor of 1670 and 10?
10
What is the greatest common factor of 140 and 490?
70
Calculate the highest common divisor of 34 and 24.
2
Calculate the highest common divisor of 3225 and 129.
129
What is the greatest common factor of 72 and 81?
9
What is the greatest common divisor of 27 and 21042?
9
What is the greatest common divisor of 1430 and 121?
11
What is the greatest common divisor of 1196 and 6292?
52
Calculate the highest common divisor of 10 and 50.
10
Calculate the highest common divisor of 1477 and 21.
7
Calculate the greatest common factor of 15 and 82605.
15
What is the highest common divisor of 7614 and 162?
162
What is the greatest common factor of 112 and 2192?
16
Calculate the highest common divisor of 87 and 5800.
29
What is the highest common divisor of 1834 and 42?
14
Calculate the greatest common divisor of 418 and 286.
22
Calculate the highest common divisor of 176 and 32.
16
Calculate the greatest common divisor of 206 and 18334.
206
Calculate the highest common divisor of 1824 and 57.
57
Calculate the greatest common divisor of 261 and 145.
29
Calculate the greatest common factor of 440 and 6820.
220
What is the highest common divisor of 135 and 81?
27
What is the greatest common divisor of 38 and 2?
2
What is the highest common factor of 63476 and 56?
28
What is the highest common factor of 41 and 697?
41
What is the highest common divisor of 5321 and 153?
17
What is the greatest common factor of 2106 and 78?
78
What is the greatest common factor of 1190 and 2720?
170
Calculate the greatest common divisor of 600 and 1300.
100
What is the greatest common factor of 88 and 935?
11
What is the highest common factor of 34 and 5678?
34
Calculate the greatest common divisor of 21 and 24.
3
What is the greatest common factor of 232 and 58?
58
Calculate the greatest common divisor of 33 and 1617.
33
Calculate the highest common divisor of 244 and 8.
4
What is the greatest common factor of 267 and 15?
3
Calculate the greatest common divisor of 357 and 1491.
21
Calculate the greatest common factor of 880 and 770.
110
Calculate the highest common divisor of 231 and 63.
21
What is the greatest common divisor of 544 and 288?
32
What is the highest common factor of 38 and 1078?
2
What is the greatest common factor of 172 and 2924?
172
Calculate the highest common divisor of 6230 and 89.
89
What is the highest common factor of 475 and 19?
19
Calculate the greatest common divisor of 9 and 171.
9
Calculate the highest common factor of 12426 and 114.
114
What is the greatest common divisor of 5 and 125?
5
What is the greatest common divisor of 231 and 33?
33
Calculate the highest common divisor of 42 and 427.
7
Calculate the greatest common divisor of 1104 and 48.
48
Calculate the greatest common divisor of 77 and 28.
7
Calculate the greatest common divisor of 31 and 3472.
31
Calculate the highest common factor of 504 and 112.
56
Calculate the highest common factor of 28 and 16.
4
What is the greatest common divisor of 84 and 2148?
12
Calculate the greatest common factor of 4 and 226.
2
What is the highest common divisor of 254 and 2?
2
What is the highest common factor of 11046 and 28?
14
Calculate the greatest common divisor of 72 and 99.
9
What is the greatest common factor of 276 and 16?
4
What is the highest common factor of 141 and 57?
3
Calculate the highest common factor of 21901 and 121.
121
What is the highest common factor of 4075 and 125?
25
Calculate the highest common factor of 1105 and 85.
85
Calculate the highest common factor of 3193 and 93.
31
Calculate the highest common factor of 10712 and 618.
206
Calculate the highest common divisor of 1305 and 495.
45
What is the highest common divisor of 63 and 225?
9
What is the greatest common factor of 31 and 589?
31
Calculate the greatest common divisor of 22 and 3817.
11
Calculate the greatest common divisor of 5183 and 71.
71
Calculate the highest common factor of 92 and 368.
92
What is the highest common factor of 5 and 1165?
5
Calculate the greatest common factor of 24 and 9.
3
What is the highest common divisor of 247 and 57?
19
Calculate the greatest common factor of 21 and 420.
21
What is the greatest common divisor of 170 and 5270?
170
Calculate the highest common divisor of 12719 and 316.
79
What is the highest common divisor of 28 and 44?
4
What is the highest common divisor of 649 and 59?
59
Calculate the highest common divisor of 250 and 150.
50
Calculate the greatest common divisor of 245 and 70.
35
Calculate the highest common divisor of 90 and 27.
9
Calculate the highest common factor of 360 and 200.
40
What is the highest common divisor of 882 and 1050?
42
Calculate the highest common factor of 187 and 286.
11
What is the greatest common factor of 8283 and 33?
33
What is the greatest common factor of 56 and 5432?
56
Calculate the highest common factor of 96 and 8.
8
What is the highest common factor of 765 and 45?
45
What is the greatest common factor of 273 and 39?
39
Calculate the greatest common factor of 621 and 1311.
69
Calculate the highest common factor of 1089 and 9.
9
What is the greatest common divisor of 5 and 175?
5
What is the greatest common factor of 2064 and 48?
48
Calculate the highest common divisor of 312 and 3.
3
Calculate the highest common divisor of 3713 and 79.
79
Calculate the highest common divisor of 38 and 2755.
19
What is the highest common divisor of 66 and 1551?
33
Calculate the highest common factor of 12 and 54.
6
What is the highest common divisor of 931 and 19?
19
What is the highest common factor of 5 and 40?
5
Calculate the greatest common factor of 5 and 215.
5
Calculate the highest common factor of 27 and 351.
27
What is the highest common factor of 497 and 71?
71
What is the greatest common divisor of 144 and 128?
16
Calculate the greatest common factor of 24 and 23304.
24
What is the highest common divisor of 1506 and 84?
6
Calculate the greatest common divisor of 114 and 36.
6
Calculate the greatest common factor of 60 and 620.
20
Calculate the greatest common divisor of 14 and 14.
14
Calculate the greatest common factor of 575 and 50.
25
What is the highest common factor of 4035 and 45?
15
Calculate the highest common factor of 68035 and 55.
55
Calculate the highest common divisor of 58 and 1334.
58
What is the greatest common factor of 972 and 36?
36
Calculate the highest common divisor of 105 and 385.
35
Calculate the greatest common divisor of 665 and 380.
95
Calculate the highest common factor of 55 and 1375.
55
Calculate the highest common divisor of 728 and 3.
1
What is the highest common factor of 128 and 13184?
128
Calculate the highest common divisor of 2766 and 42.
6
What is the highest common factor of 1748 and 304?
76
Calculate the greatest common divisor of 208 and 1840.
16
What is the greatest common factor of 56 and 13076?
28
Calculate the highest common divisor of 25 and 10725.
25
Calculate the greatest common factor of 15911 and 7.
7
What is the greate